{"id":8111,"date":"2024-02-22T16:47:31","date_gmt":"2024-02-22T16:47:31","guid":{"rendered":"https:\/\/taldjabcosmetic.com\/?post_type=product&#038;p=8111"},"modified":"2024-02-22T19:13:38","modified_gmt":"2024-02-22T19:13:38","slug":"masque-visage-purete-dorchidee-et-de-safran","status":"publish","type":"product","link":"https:\/\/taldjabcosmetic.com\/index.php\/product\/masque-visage-purete-dorchidee-et-de-safran\/","title":{"rendered":"Masque Visage &#8220;Puret\u00e9 d&#8217;Orchid\u00e9e et de Safran&#8221;"},"content":{"rendered":"","protected":false},"excerpt":{"rendered":"<p style=\"text-align: left;\">\u00a0Offrez \u00e0 votre visage un moment de puret\u00e9 avec notre masque visage, infus\u00e9 de l&#8217;essence purifiante de l&#8217;orchid\u00e9e noire et de la fleur de safran. Sa formule d\u00e9toxifiante \u00e9limine les impuret\u00e9s en profondeur, r\u00e9v\u00e9lant un teint \u00e9clatant et revitalis\u00e9.<\/p>\n","protected":false},"featured_media":8150,"template":"","meta":[],"product_cat":[147],"product_tag":[],"class_list":{"0":"post-8111","1":"product","2":"type-product","3":"status-publish","4":"has-post-thumbnail","6":"product_cat-la-magie-de-lorchidee-noire-et-de-la-fleur-de-safran","8":"first","9":"instock","10":"shipping-taxable","11":"product-type-simple"},"jetpack_sharing_enabled":true,"_links":{"self":[{"href":"https:\/\/taldjabcosmetic.com\/index.php\/wp-json\/wp\/v2\/product\/8111","targetHints":{"allow":["GET"]}}],"collection":[{"href":"https:\/\/taldjabcosmetic.com\/index.php\/wp-json\/wp\/v2\/product"}],"about":[{"href":"https:\/\/taldjabcosmetic.com\/index.php\/wp-json\/wp\/v2\/types\/product"}],"wp:featuredmedia":[{"embeddable":true,"href":"https:\/\/taldjabcosmetic.com\/index.php\/wp-json\/wp\/v2\/media\/8150"}],"wp:attachment":[{"href":"https:\/\/taldjabcosmetic.com\/index.php\/wp-json\/wp\/v2\/media?parent=8111"}],"wp:term":[{"taxonomy":"product_cat","embeddable":true,"href":"https:\/\/taldjabcosmetic.com\/index.php\/wp-json\/wp\/v2\/product_cat?post=8111"},{"taxonomy":"product_tag","embeddable":true,"href":"https:\/\/taldjabcosmetic.com\/index.php\/wp-json\/wp\/v2\/product_tag?post=8111"}],"curies":[{"name":"wp","href":"https:\/\/api.w.org\/{rel}","templated":true}]}}