{"id":8123,"date":"2024-02-22T18:06:08","date_gmt":"2024-02-22T18:06:08","guid":{"rendered":"https:\/\/taldjabcosmetic.com\/?post_type=product&#038;p=8123"},"modified":"2024-02-22T19:32:34","modified_gmt":"2024-02-22T19:32:34","slug":"savon-noir-secrets-de-safran-et-dorchidee-noire","status":"publish","type":"product","link":"https:\/\/taldjabcosmetic.com\/index.php\/product\/savon-noir-secrets-de-safran-et-dorchidee-noire\/","title":{"rendered":"Savon Noir &#8220;Secrets de Safran et d&#8217;Orchid\u00e9e Noire&#8221;"},"content":{"rendered":"","protected":false},"excerpt":{"rendered":"<p>Purifiez votre peau en profondeur avec notre savon noir, enrichi de la synergie puissante de la fleur de safran et de l&#8217;orchid\u00e9e noire. Sa texture cr\u00e9meuse \u00e9limine efficacement les impuret\u00e9s tout en pr\u00e9servant l&#8217;\u00e9quilibre naturel de votre \u00e9piderme, pour une peau douce et sublim\u00e9e.<\/p>\n","protected":false},"featured_media":8149,"template":"","meta":[],"product_cat":[147],"product_tag":[],"class_list":{"0":"post-8123","1":"product","2":"type-product","3":"status-publish","4":"has-post-thumbnail","6":"product_cat-la-magie-de-lorchidee-noire-et-de-la-fleur-de-safran","8":"first","9":"instock","10":"shipping-taxable","11":"product-type-simple"},"jetpack_sharing_enabled":true,"_links":{"self":[{"href":"https:\/\/taldjabcosmetic.com\/index.php\/wp-json\/wp\/v2\/product\/8123","targetHints":{"allow":["GET"]}}],"collection":[{"href":"https:\/\/taldjabcosmetic.com\/index.php\/wp-json\/wp\/v2\/product"}],"about":[{"href":"https:\/\/taldjabcosmetic.com\/index.php\/wp-json\/wp\/v2\/types\/product"}],"wp:featuredmedia":[{"embeddable":true,"href":"https:\/\/taldjabcosmetic.com\/index.php\/wp-json\/wp\/v2\/media\/8149"}],"wp:attachment":[{"href":"https:\/\/taldjabcosmetic.com\/index.php\/wp-json\/wp\/v2\/media?parent=8123"}],"wp:term":[{"taxonomy":"product_cat","embeddable":true,"href":"https:\/\/taldjabcosmetic.com\/index.php\/wp-json\/wp\/v2\/product_cat?post=8123"},{"taxonomy":"product_tag","embeddable":true,"href":"https:\/\/taldjabcosmetic.com\/index.php\/wp-json\/wp\/v2\/product_tag?post=8123"}],"curies":[{"name":"wp","href":"https:\/\/api.w.org\/{rel}","templated":true}]}}